*2/2 + 86*z + 154. Let k(s) be the first derivative of r(s). Give k(-10).
-27
Let p(s) = -31 + 126 - 9 - 242 + 7*s. Calculate p(22).
-2
Let x(a) = -46*a. Let q(b) = 4*b. Let j(d) = 2*q(d) + x(d). Calculate j(2).
-76
Let b(o) = -o**3 + 14*o**2 - 6*o - 91. Let r = -44396 - -44409. Calculate b(r).
0
Suppose 0 = 3*x + x - 32. Let o(z) = 2859905*z + 11 + 2*z**2 - 2859914*z - z**2. Calculate o(x).
3
Let p(r) = 5*r**3 + 2*r**2 - 3*r - 1. Let z be p(2). Let x = 45 - z. Let y(l) = x*l - 3*l + 43 - 38. Give y(-9).
-4
Let k(a) = -a - 19. Let i(v) be the third derivative of v**6/120 + v**5/4 + 37*v**4/24 + v**3/3 - 61*v**2. Let y be i(-12). What is k(y)?
-9
Suppose -4*q = -3*g + 24, -4*q + 4 = -g + 5*g. Suppose 3*k - 4*c + 3*c = -20, -8 = -g*c. Let x(i) = 3 + 3 + 2*i - 7. Give x(k).
-13
Suppose -4*i = j - 14, -837*i + 842*i + 2*j = 16. Let z(o) = -2*o**2 - 3*o + 17. What is z(i)?
-27
Let v(b) = -b**3 - 6*b**2 + 2*b + 2. Let h(g) be the first derivative of g**4/4 + 7*g**3/3 - g**2 - 2*g + 14. Let o(r) = -2*h(r) - 3*v(r). What is o(2)?
18
Let s(u) = 91*u - 5. Let t(i) = -227*i + 9. Let n(y) = -5*s(y) - 2*t(y). Calculate n(23).
-16
Let d(v) = 19 - 10 - 7 - 4*v**2 - 3*v + 5*v**2. Let b = 10746 + -10744. Give d(b).
0
Suppose 2*t - w = 25, -221 = t + w - 244. Let o(b) = -25*b + 400. Determine o(t).
0
Let m = 292 + -147. Suppose 14*q = 19*q - m. Let v = q + -20. Let n(i) = -i**3 + 8*i**2 + 10*i - 8. Calculate n(v).
1
Let g(v) = 6*v**2 - 8*v + 5. Let s = 39476 + -39474. Calculate g(s).
13
Let d(x) = 51*x - 988. Let o be d(19). Let p(a) = 2*a**2 + 37*a - 8. Give p(o).
11
Let g(d) be the second derivative of -4*d**3/3 - 14*d**2 - 9*d + 42. Give g(-9).
44
Let z(m) be the first derivative of -7/24*m**4 - 1/60*m**5 + 0*m - m**3 + 2 + 10*m**2. Let a(n) be the second derivative of z(n). What is a(-7)?
-6
Let t be (-45)/4 + 1 - 3/(-12). Let q(g) = 11*g - 23 - 22 + 52 + g**2. Give q(t).
-3
Let q(m) = -5*m**2 + 7*m - 104. Let i(o) = -2*o**2 - 2*o - 2. Let c(u) = 3*i(u) - q(u). What is c(-18)?
8
Let x(a) = 3*a - 45. Let d be ((-108)/18)/(-1 - (-2)/3). Calculate x(d).
9
Let u(b) = 110*b - 32*b - 13*b - 29*b - 11*b + 125. Calculate u(-5).
0
Let h(d) = -18*d - 66 - d**2 + 172 - 61. Let t be h(-20). Let k(j) = -2*j**2 + 6*j + 3. Give k(t).
-17
Suppose -5*g - 5 = 0, 0 = -5*u + 3*g + 2*g + 30. Suppose -13*b = -3*w - 10*b, -b = -u*w + 20. Let d(l) = -3*l + 5. Calculate d(w).
-10
Let d = 292 - 204. Suppose -7*k + 11*k = d. Let y be 1 - k/(-5) - (-69)/115. Let q(m) = m**2 - 5*m - 7. Determine q(y).
-1
Let z = -1 - -3. Suppose 2*o - 4*a + 8 = 0, 4*o + 3*a = 11 + 6. Let y(d) = 4*d - 12*d + o*d + 6*d - 2*d. Determine y(z).
-4
Suppose 4*r = 4*l - 60, -4*r - 30 = -5*l + 47. Let f(v) = -2*v**3 + 36*v**2 - 35*v + 14. What is f(l)?
-3
Let i(d) be the third derivative of -7*d**5/60 + 5*d**4/4 + 10*d**3/3 + 4705*d**2. Give i(5).
-5
Suppose 4*x - 15 = -3*y, -4*y - 8*x + 5*x = -13. Let r(l) = -7*l**3 + 4*l**2 - l - 1. Let m be r(y). Let p(v) = v**3 + 5*v**2 - 5. Determine p(m).
-5
Suppose y = -6*y + 252. Let s = -24 + y. Let x(l) = -27*l**3 + 14*l**3 + 14 + 2 + l**2 + s*l**3. Give x(0).
16
Let m(a) be the third derivative of -a**4/12 + 5*a**3/6 + a**2. Suppose -4*g + 4 = -4*j, -5*g - 25*j + 59 = -24*j. Calculate m(g).
-15
Let l(u) = 68*u**2 - 3*u + 32. Let i(h) = -68*h**2 + 2*h - 24. Let f(c) = 4*i(c) + 3*l(c). Give f(-1).
-67
Let u(o) be the third derivative of -o**4/24 + o**2. Suppose 2*x = -10, -6*a = -5*a + 5*x + 10. Suppose 75 = 30*v - a*v. What is u(v)?
-5
Let g(d) = d**2 + 3*d + 1. Let j(y) = -8 + y**2 + 123*y - 10 - 116*y. Let k be j(-9). Suppose -2*x - p - 11 = k, 0*p + 23 = -2*x - 5*p. Give g(x).
5
Let k(z) be the first derivative of z**4/4 + 14*z**3/3 - 9*z**2 - 37*z - 1006. Determine k(-15).
8
Let q(t) = -9 + 15*t**3 + 57 - 24*t**3 + 16*t - 9*t**2 + 10*t**3 - 42*t. Determine q(11).
4
Let b(x) be the second derivative of -x**4/6 + 4*x**3 + 5*x**2/2 + 8*x + 168. What is b(10)?
45
Let a(w) = 2 + 110*w + 6 - 105*w. Let n(l) = -2*l - 4. Let d(o) = 3*a(o) + 7*n(o). Calculate d(7).
3
Let p(u) = -1 + 3*u + 2 + 4. Suppose -5*g + 4*a = 5, -2939*a - 25 = 3*g - 2937*a. Determine p(g).
-10
Let r(t) = 40*t**3 - 5*t**2 - 15*t + 19. Let s(f) = 74*f**3 - 9*f**2 - 28*f + 35. Let y(v) = -11*r(v) + 6*s(v). Determine y(1).
3
Let u(b) = -14*b + 30 - 1104*b**2 + 368*b**2 + 364*b**2 + 371*b**2. Calculate u(-16).
-2
Let v(x) = -2*x - 46. Suppose 50 = -6*i - 76. Let n be v(i). Let t(c) = c**2 + 6*c + 3. Calculate t(n).
-5
Let v(o) = o**2 - 4*o - 36. Suppose -2*z = 2*t - 22, 4*t + 918*z = 920*z + 32. Give v(t).
9
Let g = 53 - 39. Let d be 4/18*(-5 + g). Suppose 4*l - 22 = j - d*j, 3*l = 4*j + 7. Let n(y) = y**3 - 2*y**2 + 2*y + 2. Determine n(j).
6
Let f(y) = -1104*y + 24295. Let z be f(22). Let g be -1 - -6*6/9. Let u(a) = -8*a + 3*a**3 - 2*a**3 - g - 6*a**2 + 4. Give u(z).
-6
Let x(p) = -7*p**2 + 5*p + 5. Let f be (8/16)/((-1)/(-10)). Let d(q) = 4*q**2 - 3*q - 3. Let b(v) = f*d(v) + 3*x(v). Calculate b(-2).
-4
Let b(f) = -48*f - 8 + 101*f - 49*f. Let m(p) = -6*p + 12. Let j(c) = -8*b(c) - 5*m(c). Give j(0).
4
Let n = 207 - 205. Let p(g) = -26 - g**2 + 3*g - 4*g + 14 + 14 + 3*g**3. Calculate p(n).
20
Let g(s) = s**2 - 43*s + 423. Let p be g(29). Let x(z) = -33*z + 559. Calculate x(p).
-2
Let n = -34 + 34. Suppose 5*w - w - 60 = n. Suppose w - 9 = -3*l. Let x(h) = -h + 1. Calculate x(l).
3
Let z(f) = f**2 - f - 2. Let y(d) be the second derivative of -5*d**4/12 + 11*d**3/6 + 5*d**2/2 + d - 27. Let m(b) = -y(b) - 4*z(b). What is m(6)?
-3
Let w(u) = -u**2 + 8*u + 24. Suppose t + 4*z = 24, 0 = -11*t + 7*t + 4*z + 16. Give w(t).
24
Let x = 571 + -549. Let g(o) = -10*o - 21. Let z(l) = 2*l + 4. Let c(u) = x*z(u) + 4*g(u). Give c(-7).
-24
Suppose -4*f + 14 = 2*g, -6*f - 3*g = -2*f - 15. Let v(a) = -6*a + 2. Let d(p) = -91*p + 51*p - 2 + 45*p. Let h(t) = 3*d(t) + 2*v(t). What is h(f)?
7
Let n(p) = 2*p + 1. Suppose 4*h - 28 = -3*q + 2*q, 0 = 3*q. Let m(w) = -3*w - 1. Let z(f) = h*n(f) + 5*m(f). Calculate z(3).
-1
Let c be -3*3/(6/(-4)). Let y(r) = -7*r + 43. Let q be y(c). Let u(w) = -13*w + 3. Let d(x) = -7*x + 2. Let h(b) = -5*d(b) + 3*u(b). Calculate h(q).
-5
Let s(q) = q - 5. Let t be (9 - 87 - 1/2)*-2. Suppose -15*m + t = 22. Calculate s(m).
4
Let t(j) = -j**2 + 40*j - 211. Suppose -1047 = 23*l - 1829. What is t(l)?
-7
Let l(y) = y - 8. Suppose 2*b = -3*v + 2*v + 2, -3*v + 6 = 3*b. Suppose -3*f + 4*f = v*d, 8 = 4*f - 4*d. Suppose m + 4 = q + 3*m, 0 = -2*m + f. What is l(q)?
-8
Let s(j) = 6*j - 2. Let o(k) = -18*k + 6. Let a(g) = -3*o(g) - 10*s(g). Let l = -234 + 232. Calculate a(l).
14
Let c(w) = -w**2 - 16*w - 57. Let t be c(-9). Let q(x) be the first derivative of -5*x**2/2 + 15*x + 89. Calculate q(t).
-15
Let k(t) be the third derivative of t**6/120 + 7*t**5/60 + 5*t**4/12 - t**3/3 - 429*t**2. What is k(-6)?
-26
Let p = 11 + -19. Let b(j) = -72127 + 144243 - 5*j - 72121 - 3*j - j**2. What is b(p)?
-5
Let b(v) = -v**3 + v + 7. Let p be (-1)/((-4)/(-7) - (-76)/(-84)). Suppose -142 = p*i - 142. Give b(i).
7
Let w(c) = -c**2 - 4*c**2 + 2 - 3 + c. Let l(m) = -4*m**3 - 6*m**2 - 4*m - 1. Let h be l(-1). Determine w(h).
-5
Let p(m) = -m**2 + 18*m - 34. Let l(f) = -f**2 + 17*f - 33. Let q(w) = -6*l(w) + 5*p(w). Suppose -3*h = 3*t - 27, -5*t + 28 = 3*h - t. Determine q(h).
-4
Let y(f) = -10*f**2 + 8*f + 1. Let o = 36 + -17. Suppose 12 = 3*w, 0*r - r - o = -3*w. Let t(q) = 7*q**2 - 5*q - 1. Let n(l) = r*t(l) - 5*y(l). Determine n(5).
2
Let g(i) = -i - 5. Suppose 0 = 5*o - 10*o + 2*v + 93, 2*o + 2*v = 26. Suppose d - 4*b = 5, -4*b = 3*d + o + 16. What is g(d)?
2
Let h(r) be the first derivative of -r**3/6 + 272*r - 9. Let m(d) be the first derivative of h(d). Calculate m(2).
-2
Let r be (21/12 - (-10)/40)*1. Let w(p) = 0*p - 8 + 4*p - 52*p**r + 53*p**2. Suppose -4*v - 30 = v. What is w(v)?
4
Suppose 0 = 2*v - 3*m - 261, -3*v + 365 = -m - 16. Suppose v*y = 130*y - 40. Let q(x) = -x**3 + 11*x**2 - 11*x - 5. Give q(y).
-15
Suppose -5*s - w - 3 = 0, -2*w = -2*s - 0*s - 6. Let h(g) = -35*g**3 - 2*g + 1. Let k(i) = 140*i**3 + 9*i - 4. Let v(r) = 9*h(r) + 2*k(r). Give v(s).
36
Let m(j) = 11*j + 179. Suppose o = -3*v - 48, 37*v - 3*o - 36 = 40*v. Determine m(v).
-19
Let h(p) = 2*p**2 + 52*p + 29. Let i be h(-28). Let d = 14